{"id":4379,"date":"2025-10-13T16:11:41","date_gmt":"2025-10-13T14:11:41","guid":{"rendered":"https:\/\/settopsurvey.com\/settop_website\/?post_type=product&#038;p=4379"},"modified":"2026-04-07T16:27:28","modified_gmt":"2026-04-07T14:27:28","slug":"settop-mole-v3-es","status":"publish","type":"product","link":"https:\/\/settopsurvey.com\/settop_website\/es\/product\/settop-mole-v3-es\/","title":{"rendered":"Settop Mole v3"},"content":{"rendered":"\n\t<section class=\"section\" id=\"section_515825154\">\n\t\t<div class=\"section-bg fill\" >\n\t\t\t\t\t\t\t\t\t\n\t\t\t\n\n\t\t<\/div>\n\n\t\t\n\n\t\t<div class=\"section-content relative\">\n\t\t\t\r\n\r\n<div class=\"row\"  id=\"row-1188370331\">\r\n\r\n\n\t<div id=\"col-1106093430\" class=\"col medium-4 small-12 large-4\"  >\n\t\t\t\t<div class=\"col-inner\"  >\n\t\t\t\n\t\t\t\r\n\r\n\t<div class=\"img has-hover x md-x lg-x y md-y lg-y\" id=\"image_1594447656\">\n\t\t\t\t\t\t\t\t<div class=\"img-inner dark\" >\n\t\t\t<img loading=\"lazy\" decoding=\"async\" width=\"877\" height=\"488\" src=\"https:\/\/settopsurvey.com\/settop_website\/wp-content\/uploads\/Settop-Mole-v2-graphic-1.png\" class=\"attachment-large size-large\" alt=\"\" srcset=\"https:\/\/settopsurvey.com\/settop_website\/wp-content\/uploads\/Settop-Mole-v2-graphic-1.png 877w, https:\/\/settopsurvey.com\/settop_website\/wp-content\/uploads\/Settop-Mole-v2-graphic-1-719x400.png 719w, https:\/\/settopsurvey.com\/settop_website\/wp-content\/uploads\/Settop-Mole-v2-graphic-1-768x427.png 768w, https:\/\/settopsurvey.com\/settop_website\/wp-content\/uploads\/Settop-Mole-v2-graphic-1-600x334.png 600w\" sizes=\"auto, (max-width: 877px) 100vw, 877px\" \/>\t\t\t\t\t\t\n\t\t\t\t\t<\/div>\n\t\t\t\t\t\t\t\t\n<style>\n#image_1594447656 {\n  width: 100%;\n}\n<\/style>\n\t<\/div>\n\t\r\n\r\n\t\t<\/div>\n\t\t\t\t\t<\/div>\n\n\t\r\n\n\t<div id=\"col-846112056\" class=\"col medium-4 small-12 large-4\"  >\n\t\t\t\t<div class=\"col-inner\"  >\n\t\t\t\n\t\t\t\r\n\r\n\t<div class=\"img has-hover x md-x lg-x y md-y lg-y\" id=\"image_452587094\">\n\t\t\t\t\t\t\t\t<div class=\"img-inner dark\" >\n\t\t\t<img loading=\"lazy\" decoding=\"async\" width=\"872\" height=\"488\" src=\"https:\/\/settopsurvey.com\/settop_website\/wp-content\/uploads\/Settop-Mole-v2-graphic-2.png\" class=\"attachment-large size-large\" alt=\"\" srcset=\"https:\/\/settopsurvey.com\/settop_website\/wp-content\/uploads\/Settop-Mole-v2-graphic-2.png 872w, https:\/\/settopsurvey.com\/settop_website\/wp-content\/uploads\/Settop-Mole-v2-graphic-2-715x400.png 715w, https:\/\/settopsurvey.com\/settop_website\/wp-content\/uploads\/Settop-Mole-v2-graphic-2-768x430.png 768w, https:\/\/settopsurvey.com\/settop_website\/wp-content\/uploads\/Settop-Mole-v2-graphic-2-600x336.png 600w\" sizes=\"auto, (max-width: 872px) 100vw, 872px\" \/>\t\t\t\t\t\t\n\t\t\t\t\t<\/div>\n\t\t\t\t\t\t\t\t\n<style>\n#image_452587094 {\n  width: 100%;\n}\n<\/style>\n\t<\/div>\n\t\r\n\r\n\t\t<\/div>\n\t\t\t\t\t<\/div>\n\n\t\r\n\n\t<div id=\"col-1351301729\" class=\"col medium-4 small-12 large-4\"  >\n\t\t\t\t<div class=\"col-inner\"  >\n\t\t\t\n\t\t\t\r\n\r\n\t<div class=\"img has-hover x md-x lg-x y md-y lg-y\" id=\"image_1372081669\">\n\t\t\t\t\t\t\t\t<div class=\"img-inner dark\" >\n\t\t\t<img loading=\"lazy\" decoding=\"async\" width=\"872\" height=\"488\" src=\"https:\/\/settopsurvey.com\/settop_website\/wp-content\/uploads\/Settop-Mole-v2-graphic-3.png\" class=\"attachment-large size-large\" alt=\"\" srcset=\"https:\/\/settopsurvey.com\/settop_website\/wp-content\/uploads\/Settop-Mole-v2-graphic-3.png 872w, https:\/\/settopsurvey.com\/settop_website\/wp-content\/uploads\/Settop-Mole-v2-graphic-3-715x400.png 715w, https:\/\/settopsurvey.com\/settop_website\/wp-content\/uploads\/Settop-Mole-v2-graphic-3-768x430.png 768w, https:\/\/settopsurvey.com\/settop_website\/wp-content\/uploads\/Settop-Mole-v2-graphic-3-600x336.png 600w\" sizes=\"auto, (max-width: 872px) 100vw, 872px\" \/>\t\t\t\t\t\t\n\t\t\t\t\t<\/div>\n\t\t\t\t\t\t\t\t\n<style>\n#image_1372081669 {\n  width: 100%;\n}\n<\/style>\n\t<\/div>\n\t\r\n\r\n\t\t<\/div>\n\t\t\t\t\t<\/div>\n\n\t\r\n\r\n<\/div>\r\n<div class=\"container section-title-container\" ><h3 class=\"section-title section-title-normal\"><b aria-hidden=\"true\"><\/b><span class=\"section-title-main\" >Componentes del sistema<\/span><b aria-hidden=\"true\"><\/b><\/h3><\/div>\r\n\r\n<div class=\"row\"  id=\"row-1362100322\">\r\n\r\n\n\t<div id=\"col-1525726639\" class=\"col medium-6 small-12 large-6\"  >\n\t\t\t\t<div class=\"col-inner\"  >\n\t\t\t\n\t\t\t\r\n\r\nSettop Mole v3 es un sistema de proyecci\u00f3n l\u00e1ser formado por una estaci\u00f3n total, un l\u00e1ser verde profesional de alta potencia y un ordenador de control con el software incluido. El sistema proyecta en tiempo real la secci\u00f3n de un t\u00fanel cargado en el software control con una precisi\u00f3n centim\u00e9trica, con la ayuda de guiado de la estaci\u00f3n total. El conjunto es ideal para el control de producci\u00f3n y calidad durante la construcci\u00f3n del t\u00fanel. Metodolog\u00eda de trabajo optimizada para un uso f\u00e1cil y eficiente.\r\n\r\n\t\t<\/div>\n\t\t\t\t\t<\/div>\n\n\t\r\n\n\t<div id=\"col-834724872\" class=\"col medium-6 small-12 large-6\"  >\n\t\t\t\t<div class=\"col-inner\"  >\n\t\t\t\n\t\t\t\r\n\r\n\t<div class=\"img has-hover x md-x lg-x y md-y lg-y\" id=\"image_345555819\">\n\t\t\t\t\t\t\t\t<div class=\"img-inner dark\" >\n\t\t\t<img loading=\"lazy\" decoding=\"async\" width=\"425\" height=\"266\" src=\"https:\/\/settopsurvey.com\/settop_website\/wp-content\/uploads\/Settop-Mole-v3-Pantalla-4.png\" class=\"attachment-large size-large\" alt=\"\" \/>\t\t\t\t\t\t\n\t\t\t\t\t<\/div>\n\t\t\t\t\t\t\t\t\n<style>\n#image_345555819 {\n  width: 100%;\n}\n<\/style>\n\t<\/div>\n\t\r\n\r\n\t\t<\/div>\n\t\t\t\t\t<\/div>\n\n\t\r\n\r\n<\/div>\r\n<div class=\"row\"  id=\"row-1736612274\">\r\n\r\n\n\t<div id=\"col-1644102022\" class=\"col medium-3 small-12 large-3\"  >\n\t\t\t\t<div class=\"col-inner\"  >\n\t\t\t\n\t\t\t\r\n\r\n\t<div class=\"img has-hover x md-x lg-x y md-y lg-y\" id=\"image_373832322\">\n\t\t\t\t\t\t\t\t<div class=\"img-inner dark\" >\n\t\t\t<img loading=\"lazy\" decoding=\"async\" width=\"425\" height=\"425\" src=\"https:\/\/settopsurvey.com\/settop_website\/wp-content\/uploads\/Settop-Mole-v3-ET-grey.png\" class=\"attachment-large size-large\" alt=\"\" srcset=\"https:\/\/settopsurvey.com\/settop_website\/wp-content\/uploads\/Settop-Mole-v3-ET-grey.png 425w, https:\/\/settopsurvey.com\/settop_website\/wp-content\/uploads\/Settop-Mole-v3-ET-grey-400x400.png 400w, https:\/\/settopsurvey.com\/settop_website\/wp-content\/uploads\/Settop-Mole-v3-ET-grey-280x280.png 280w, https:\/\/settopsurvey.com\/settop_website\/wp-content\/uploads\/Settop-Mole-v3-ET-grey-300x300.png 300w, https:\/\/settopsurvey.com\/settop_website\/wp-content\/uploads\/Settop-Mole-v3-ET-grey-100x100.png 100w\" sizes=\"auto, (max-width: 425px) 100vw, 425px\" \/>\t\t\t\t\t\t\n\t\t\t\t\t<\/div>\n\t\t\t\t\t\t\t\t\n<style>\n#image_373832322 {\n  width: 100%;\n}\n<\/style>\n\t<\/div>\n\t\r\n<h4>Estaci\u00f3n total<\/h4>\r\n<ul>\r\n \t<li>Con medici\u00f3n sin prisma<\/li>\r\n \t<li>Puntero l\u00e1ser<\/li>\r\n \t<li>Seguimiento de prisma autom\u00e1tico<\/li>\r\n<\/ul>\r\n\t\t<\/div>\n\t\t\t\t\t<\/div>\n\n\t\r\n\n\t<div id=\"col-330091430\" class=\"col medium-3 small-12 large-3\"  >\n\t\t\t\t<div class=\"col-inner\"  >\n\t\t\t\n\t\t\t\r\n\r\n\t<div class=\"img has-hover x md-x lg-x y md-y lg-y\" id=\"image_1675761767\">\n\t\t\t\t\t\t\t\t<div class=\"img-inner dark\" >\n\t\t\t<img loading=\"lazy\" decoding=\"async\" width=\"425\" height=\"425\" src=\"https:\/\/settopsurvey.com\/settop_website\/wp-content\/uploads\/Settop-Mole-v3-Device-grey.png\" class=\"attachment-large size-large\" alt=\"\" srcset=\"https:\/\/settopsurvey.com\/settop_website\/wp-content\/uploads\/Settop-Mole-v3-Device-grey.png 425w, https:\/\/settopsurvey.com\/settop_website\/wp-content\/uploads\/Settop-Mole-v3-Device-grey-400x400.png 400w, https:\/\/settopsurvey.com\/settop_website\/wp-content\/uploads\/Settop-Mole-v3-Device-grey-280x280.png 280w, https:\/\/settopsurvey.com\/settop_website\/wp-content\/uploads\/Settop-Mole-v3-Device-grey-300x300.png 300w, https:\/\/settopsurvey.com\/settop_website\/wp-content\/uploads\/Settop-Mole-v3-Device-grey-100x100.png 100w\" sizes=\"auto, (max-width: 425px) 100vw, 425px\" \/>\t\t\t\t\t\t\n\t\t\t\t\t<\/div>\n\t\t\t\t\t\t\t\t\n<style>\n#image_1675761767 {\n  width: 100%;\n}\n<\/style>\n\t<\/div>\n\t\r\n<h4>Encapsulado<\/h4>\r\n<ul>\r\n \t<li>Consultar especificaciones<\/li>\r\n<\/ul>\r\n\t\t<\/div>\n\t\t\t\t\t<\/div>\n\n\t\r\n\n\t<div id=\"col-42339603\" class=\"col medium-3 small-12 large-3\"  >\n\t\t\t\t<div class=\"col-inner\"  >\n\t\t\t\n\t\t\t\r\n\r\n\t<div class=\"img has-hover x md-x lg-x y md-y lg-y\" id=\"image_905659909\">\n\t\t\t\t\t\t\t\t<div class=\"img-inner dark\" >\n\t\t\t<img loading=\"lazy\" decoding=\"async\" width=\"425\" height=\"425\" src=\"https:\/\/settopsurvey.com\/settop_website\/wp-content\/uploads\/Settop-Mole-v3-Tablet-grey.png\" class=\"attachment-large size-large\" alt=\"\" srcset=\"https:\/\/settopsurvey.com\/settop_website\/wp-content\/uploads\/Settop-Mole-v3-Tablet-grey.png 425w, https:\/\/settopsurvey.com\/settop_website\/wp-content\/uploads\/Settop-Mole-v3-Tablet-grey-400x400.png 400w, https:\/\/settopsurvey.com\/settop_website\/wp-content\/uploads\/Settop-Mole-v3-Tablet-grey-280x280.png 280w, https:\/\/settopsurvey.com\/settop_website\/wp-content\/uploads\/Settop-Mole-v3-Tablet-grey-300x300.png 300w, https:\/\/settopsurvey.com\/settop_website\/wp-content\/uploads\/Settop-Mole-v3-Tablet-grey-100x100.png 100w\" sizes=\"auto, (max-width: 425px) 100vw, 425px\" \/>\t\t\t\t\t\t\n\t\t\t\t\t<\/div>\n\t\t\t\t\t\t\t\t\n<style>\n#image_905659909 {\n  width: 100%;\n}\n<\/style>\n\t<\/div>\n\t\r\n<h4>Tableta<\/h4>\r\n<ul>\r\n \t<li>Pantalla multit\u00e1ctil de alta definici\u00f3n<\/li>\r\n \t<li>Sistema operativo Windows 10 Pro<\/li>\r\n<\/ul>\r\n\t\t<\/div>\n\t\t\t\t\t<\/div>\n\n\t\r\n\n\t<div id=\"col-558874555\" class=\"col medium-3 small-12 large-3\"  >\n\t\t\t\t<div class=\"col-inner\"  >\n\t\t\t\n\t\t\t\r\n\r\n\t<div class=\"img has-hover x md-x lg-x y md-y lg-y\" id=\"image_1512787759\">\n\t\t\t\t\t\t\t\t<div class=\"img-inner dark\" >\n\t\t\t<img loading=\"lazy\" decoding=\"async\" width=\"425\" height=\"425\" src=\"https:\/\/settopsurvey.com\/settop_website\/wp-content\/uploads\/Settop-Mole-v3-Software-grey.png\" class=\"attachment-large size-large\" alt=\"\" srcset=\"https:\/\/settopsurvey.com\/settop_website\/wp-content\/uploads\/Settop-Mole-v3-Software-grey.png 425w, https:\/\/settopsurvey.com\/settop_website\/wp-content\/uploads\/Settop-Mole-v3-Software-grey-400x400.png 400w, https:\/\/settopsurvey.com\/settop_website\/wp-content\/uploads\/Settop-Mole-v3-Software-grey-280x280.png 280w, https:\/\/settopsurvey.com\/settop_website\/wp-content\/uploads\/Settop-Mole-v3-Software-grey-300x300.png 300w, https:\/\/settopsurvey.com\/settop_website\/wp-content\/uploads\/Settop-Mole-v3-Software-grey-100x100.png 100w\" sizes=\"auto, (max-width: 425px) 100vw, 425px\" \/>\t\t\t\t\t\t\n\t\t\t\t\t<\/div>\n\t\t\t\t\t\t\t\t\n<style>\n#image_1512787759 {\n  width: 100%;\n}\n<\/style>\n\t<\/div>\n\t\r\n<h4>Software<\/h4>\r\n<ul>\r\n \t<li>Definici\u00f3n del proyecto: alineaci\u00f3n horizontal y vertical, secciones transversales.<\/li>\r\n \t<li>Detecci\u00f3n autom\u00e1tica de sensores<\/li>\r\n \t<li>Trabajar: <strong>M\u00f3dulo Levantamiento:<\/strong> Configuraci\u00f3n de la Estaci\u00f3n (Trisecci\u00f3n). <strong>M\u00f3dulo Proyecci\u00f3n:<\/strong> Representaci\u00f3n gr\u00e1fica.\u00a0 \u00a0<strong>M\u00f3dulo Escaneo:<\/strong> Nube de puntos de una secci\u00f3n<\/li>\r\n<\/ul>\r\n\t\t<\/div>\n\t\t\t\t\t<\/div>\n\n\t\r\n\r\n<\/div>\r\n\r\n\t\t<\/div>\n\n\t\t\n<style>\n#section_515825154 {\n  padding-top: 30px;\n  padding-bottom: 30px;\n  background-color: rgb(243, 243, 247);\n}\n<\/style>\n\t<\/section>\n\t\n","protected":false},"excerpt":{"rendered":"<h4>Sistema de guiado por l\u00e1ser para t\u00faneles<\/h4>\n<p>Settop Mole v3 un sistema de guiado por l\u00e1ser para t\u00faneles ejecutados por medios convencionales con el objetivo de reducir los sobrecostes asociados a los errores geom\u00e9tricos en la secci\u00f3n del t\u00fanel. La innovaci\u00f3n de este sistema reside en la capacidad de proyectar en tiempo real, de forma continua y georreferenciada, la secci\u00f3n te\u00f3rica de excavaci\u00f3n sobre el frente del t\u00fanel, de manera que el operario de la maquinaria o el ingeniero de t\u00fanel disponga siempre de una referencia visual que le permita optimizar el proceso de excavaci\u00f3n en sus sucesivos avances.<\/p>\n<h4>Settop Mole v3 Downloads<\/h4>\r\n<ul>\r\n \t<li class=\"bullet-star\"><a href=\"https:\/\/drive.google.com\/drive\/folders\/1Mk9vlYnipGJF9aaa4IfXvzuihnscnowg?usp=sharing\" target=\"_blank\" rel=\"noopener\">Product information &amp; Documentation<\/a><\/li>\r\n \t<li class=\"bullet-star\"><a href=\"https:\/\/drive.google.com\/drive\/folders\/1MyKB5RSk9q0LGNazzXjr7pPGVjht5cvm?usp=sharing\" target=\"_blank\" rel=\"noopener\">Videos<\/a><\/li>\r\n<\/ul>\n","protected":false},"featured_media":4414,"template":"","meta":[],"product_brand":[],"product_cat":[474],"product_tag":[],"class_list":{"0":"post-4379","1":"product","2":"type-product","3":"status-publish","4":"has-post-thumbnail","6":"product_cat-tunel","8":"first","9":"instock","10":"shipping-taxable","11":"product-type-simple"},"yoast_head":"<!-- This site is optimized with the Yoast SEO plugin v27.3 - https:\/\/yoast.com\/product\/yoast-seo-wordpress\/ -->\n<title>Settop Mole v3 - Settop<\/title>\n<meta name=\"description\" content=\"Settop Mole v3. Laser guided system for tunnels. The Settop Mole V3 is a laser guided system for conventional tunneling which has been designed to reduce the excess costs of geometric errors in sections of the tunnel.The innovation of this system is that you can project the theoretical section at the front of the tunnel which is being excavated in a continuous and georeferenced way in real time so that the machine operator, or tunnel engineer, always has a visual reference available which allows them to optimize the excavation process as it advances.\" \/>\n<meta name=\"robots\" content=\"index, follow, max-snippet:-1, max-image-preview:large, max-video-preview:-1\" \/>\n<link rel=\"canonical\" href=\"https:\/\/settopsurvey.com\/settop_website\/es\/product\/settop-mole-v3-es\/\" \/>\n<meta property=\"og:locale\" content=\"es_ES\" \/>\n<meta property=\"og:type\" content=\"article\" \/>\n<meta property=\"og:title\" content=\"Settop Mole v3 - Settop\" \/>\n<meta property=\"og:description\" content=\"Settop Mole v3. Laser guided system for tunnels. The Settop Mole V3 is a laser guided system for conventional tunneling which has been designed to reduce the excess costs of geometric errors in sections of the tunnel.The innovation of this system is that you can project the theoretical section at the front of the tunnel which is being excavated in a continuous and georeferenced way in real time so that the machine operator, or tunnel engineer, always has a visual reference available which allows them to optimize the excavation process as it advances.\" \/>\n<meta property=\"og:url\" content=\"https:\/\/settopsurvey.com\/settop_website\/es\/product\/settop-mole-v3-es\/\" \/>\n<meta property=\"og:site_name\" content=\"Settop\" \/>\n<meta property=\"article:modified_time\" content=\"2026-04-07T14:27:28+00:00\" \/>\n<meta property=\"og:image\" content=\"http:\/\/settopsurvey.com\/settop_website\/wp-content\/uploads\/Settop-Mole-v3-3-1.png\" \/>\n\t<meta property=\"og:image:width\" content=\"425\" \/>\n\t<meta property=\"og:image:height\" content=\"425\" \/>\n\t<meta property=\"og:image:type\" content=\"image\/png\" \/>\n<meta name=\"twitter:card\" content=\"summary_large_image\" \/>\n<meta name=\"twitter:label1\" content=\"Tiempo de lectura\" \/>\n\t<meta name=\"twitter:data1\" content=\"1 minuto\" \/>\n<script type=\"application\/ld+json\" class=\"yoast-schema-graph\">{\"@context\":\"https:\\\/\\\/schema.org\",\"@graph\":[{\"@type\":\"WebPage\",\"@id\":\"https:\\\/\\\/settopsurvey.com\\\/settop_website\\\/es\\\/product\\\/settop-mole-v3-es\\\/\",\"url\":\"https:\\\/\\\/settopsurvey.com\\\/settop_website\\\/es\\\/product\\\/settop-mole-v3-es\\\/\",\"name\":\"Settop Mole v3 - Settop\",\"isPartOf\":{\"@id\":\"https:\\\/\\\/settopsurvey.com\\\/settop_website\\\/#website\"},\"primaryImageOfPage\":{\"@id\":\"https:\\\/\\\/settopsurvey.com\\\/settop_website\\\/es\\\/product\\\/settop-mole-v3-es\\\/#primaryimage\"},\"image\":{\"@id\":\"https:\\\/\\\/settopsurvey.com\\\/settop_website\\\/es\\\/product\\\/settop-mole-v3-es\\\/#primaryimage\"},\"thumbnailUrl\":\"https:\\\/\\\/settopsurvey.com\\\/settop_website\\\/wp-content\\\/uploads\\\/Settop-Mole-v3-3-1.png\",\"datePublished\":\"2025-10-13T14:11:41+00:00\",\"dateModified\":\"2026-04-07T14:27:28+00:00\",\"description\":\"Settop Mole v3. Laser guided system for tunnels. The Settop Mole V3 is a laser guided system for conventional tunneling which has been designed to reduce the excess costs of geometric errors in sections of the tunnel.The innovation of this system is that you can project the theoretical section at the front of the tunnel which is being excavated in a continuous and georeferenced way in real time so that the machine operator, or tunnel engineer, always has a visual reference available which allows them to optimize the excavation process as it advances.\",\"breadcrumb\":{\"@id\":\"https:\\\/\\\/settopsurvey.com\\\/settop_website\\\/es\\\/product\\\/settop-mole-v3-es\\\/#breadcrumb\"},\"inLanguage\":\"es\",\"potentialAction\":[{\"@type\":\"ReadAction\",\"target\":[\"https:\\\/\\\/settopsurvey.com\\\/settop_website\\\/es\\\/product\\\/settop-mole-v3-es\\\/\"]}]},{\"@type\":\"ImageObject\",\"inLanguage\":\"es\",\"@id\":\"https:\\\/\\\/settopsurvey.com\\\/settop_website\\\/es\\\/product\\\/settop-mole-v3-es\\\/#primaryimage\",\"url\":\"https:\\\/\\\/settopsurvey.com\\\/settop_website\\\/wp-content\\\/uploads\\\/Settop-Mole-v3-3-1.png\",\"contentUrl\":\"https:\\\/\\\/settopsurvey.com\\\/settop_website\\\/wp-content\\\/uploads\\\/Settop-Mole-v3-3-1.png\",\"width\":425,\"height\":425},{\"@type\":\"BreadcrumbList\",\"@id\":\"https:\\\/\\\/settopsurvey.com\\\/settop_website\\\/es\\\/product\\\/settop-mole-v3-es\\\/#breadcrumb\",\"itemListElement\":[{\"@type\":\"ListItem\",\"position\":1,\"name\":\"Portada\",\"item\":\"https:\\\/\\\/settopsurvey.com\\\/settop_website\\\/\"},{\"@type\":\"ListItem\",\"position\":2,\"name\":\"Shop\",\"item\":\"https:\\\/\\\/settopsurvey.com\\\/settop_website\\\/shop\\\/\"},{\"@type\":\"ListItem\",\"position\":3,\"name\":\"Settop Mole v3\"}]},{\"@type\":\"WebSite\",\"@id\":\"https:\\\/\\\/settopsurvey.com\\\/settop_website\\\/#website\",\"url\":\"https:\\\/\\\/settopsurvey.com\\\/settop_website\\\/\",\"name\":\"Settop\",\"description\":\"Advanced technology in surveying instruments\",\"potentialAction\":[{\"@type\":\"SearchAction\",\"target\":{\"@type\":\"EntryPoint\",\"urlTemplate\":\"https:\\\/\\\/settopsurvey.com\\\/settop_website\\\/?s={search_term_string}\"},\"query-input\":{\"@type\":\"PropertyValueSpecification\",\"valueRequired\":true,\"valueName\":\"search_term_string\"}}],\"inLanguage\":\"es\"}]}<\/script>\n<!-- \/ Yoast SEO plugin. -->","yoast_head_json":{"title":"Settop Mole v3 - Settop","description":"Settop Mole v3. Laser guided system for tunnels. The Settop Mole V3 is a laser guided system for conventional tunneling which has been designed to reduce the excess costs of geometric errors in sections of the tunnel.The innovation of this system is that you can project the theoretical section at the front of the tunnel which is being excavated in a continuous and georeferenced way in real time so that the machine operator, or tunnel engineer, always has a visual reference available which allows them to optimize the excavation process as it advances.","robots":{"index":"index","follow":"follow","max-snippet":"max-snippet:-1","max-image-preview":"max-image-preview:large","max-video-preview":"max-video-preview:-1"},"canonical":"https:\/\/settopsurvey.com\/settop_website\/es\/product\/settop-mole-v3-es\/","og_locale":"es_ES","og_type":"article","og_title":"Settop Mole v3 - Settop","og_description":"Settop Mole v3. Laser guided system for tunnels. The Settop Mole V3 is a laser guided system for conventional tunneling which has been designed to reduce the excess costs of geometric errors in sections of the tunnel.The innovation of this system is that you can project the theoretical section at the front of the tunnel which is being excavated in a continuous and georeferenced way in real time so that the machine operator, or tunnel engineer, always has a visual reference available which allows them to optimize the excavation process as it advances.","og_url":"https:\/\/settopsurvey.com\/settop_website\/es\/product\/settop-mole-v3-es\/","og_site_name":"Settop","article_modified_time":"2026-04-07T14:27:28+00:00","og_image":[{"width":425,"height":425,"url":"http:\/\/settopsurvey.com\/settop_website\/wp-content\/uploads\/Settop-Mole-v3-3-1.png","type":"image\/png"}],"twitter_card":"summary_large_image","twitter_misc":{"Tiempo de lectura":"1 minuto"},"schema":{"@context":"https:\/\/schema.org","@graph":[{"@type":"WebPage","@id":"https:\/\/settopsurvey.com\/settop_website\/es\/product\/settop-mole-v3-es\/","url":"https:\/\/settopsurvey.com\/settop_website\/es\/product\/settop-mole-v3-es\/","name":"Settop Mole v3 - Settop","isPartOf":{"@id":"https:\/\/settopsurvey.com\/settop_website\/#website"},"primaryImageOfPage":{"@id":"https:\/\/settopsurvey.com\/settop_website\/es\/product\/settop-mole-v3-es\/#primaryimage"},"image":{"@id":"https:\/\/settopsurvey.com\/settop_website\/es\/product\/settop-mole-v3-es\/#primaryimage"},"thumbnailUrl":"https:\/\/settopsurvey.com\/settop_website\/wp-content\/uploads\/Settop-Mole-v3-3-1.png","datePublished":"2025-10-13T14:11:41+00:00","dateModified":"2026-04-07T14:27:28+00:00","description":"Settop Mole v3. Laser guided system for tunnels. The Settop Mole V3 is a laser guided system for conventional tunneling which has been designed to reduce the excess costs of geometric errors in sections of the tunnel.The innovation of this system is that you can project the theoretical section at the front of the tunnel which is being excavated in a continuous and georeferenced way in real time so that the machine operator, or tunnel engineer, always has a visual reference available which allows them to optimize the excavation process as it advances.","breadcrumb":{"@id":"https:\/\/settopsurvey.com\/settop_website\/es\/product\/settop-mole-v3-es\/#breadcrumb"},"inLanguage":"es","potentialAction":[{"@type":"ReadAction","target":["https:\/\/settopsurvey.com\/settop_website\/es\/product\/settop-mole-v3-es\/"]}]},{"@type":"ImageObject","inLanguage":"es","@id":"https:\/\/settopsurvey.com\/settop_website\/es\/product\/settop-mole-v3-es\/#primaryimage","url":"https:\/\/settopsurvey.com\/settop_website\/wp-content\/uploads\/Settop-Mole-v3-3-1.png","contentUrl":"https:\/\/settopsurvey.com\/settop_website\/wp-content\/uploads\/Settop-Mole-v3-3-1.png","width":425,"height":425},{"@type":"BreadcrumbList","@id":"https:\/\/settopsurvey.com\/settop_website\/es\/product\/settop-mole-v3-es\/#breadcrumb","itemListElement":[{"@type":"ListItem","position":1,"name":"Portada","item":"https:\/\/settopsurvey.com\/settop_website\/"},{"@type":"ListItem","position":2,"name":"Shop","item":"https:\/\/settopsurvey.com\/settop_website\/shop\/"},{"@type":"ListItem","position":3,"name":"Settop Mole v3"}]},{"@type":"WebSite","@id":"https:\/\/settopsurvey.com\/settop_website\/#website","url":"https:\/\/settopsurvey.com\/settop_website\/","name":"Settop","description":"Advanced technology in surveying instruments","potentialAction":[{"@type":"SearchAction","target":{"@type":"EntryPoint","urlTemplate":"https:\/\/settopsurvey.com\/settop_website\/?s={search_term_string}"},"query-input":{"@type":"PropertyValueSpecification","valueRequired":true,"valueName":"search_term_string"}}],"inLanguage":"es"}]}},"_links":{"self":[{"href":"https:\/\/settopsurvey.com\/settop_website\/wp-json\/wp\/v2\/product\/4379","targetHints":{"allow":["GET"]}}],"collection":[{"href":"https:\/\/settopsurvey.com\/settop_website\/wp-json\/wp\/v2\/product"}],"about":[{"href":"https:\/\/settopsurvey.com\/settop_website\/wp-json\/wp\/v2\/types\/product"}],"wp:featuredmedia":[{"embeddable":true,"href":"https:\/\/settopsurvey.com\/settop_website\/wp-json\/wp\/v2\/media\/4414"}],"wp:attachment":[{"href":"https:\/\/settopsurvey.com\/settop_website\/wp-json\/wp\/v2\/media?parent=4379"}],"wp:term":[{"taxonomy":"product_brand","embeddable":true,"href":"https:\/\/settopsurvey.com\/settop_website\/wp-json\/wp\/v2\/product_brand?post=4379"},{"taxonomy":"product_cat","embeddable":true,"href":"https:\/\/settopsurvey.com\/settop_website\/wp-json\/wp\/v2\/product_cat?post=4379"},{"taxonomy":"product_tag","embeddable":true,"href":"https:\/\/settopsurvey.com\/settop_website\/wp-json\/wp\/v2\/product_tag?post=4379"}],"curies":[{"name":"wp","href":"https:\/\/api.w.org\/{rel}","templated":true}]}}