{"id":3176,"date":"2022-04-12T18:21:25","date_gmt":"2022-04-12T16:21:25","guid":{"rendered":"https:\/\/settopsurvey.com\/settop_website\/?post_type=product&#038;p=3176"},"modified":"2022-04-12T18:37:41","modified_gmt":"2022-04-12T16:37:41","slug":"base-nivelante-automatica-ad-12","status":"publish","type":"product","link":"https:\/\/settopsurvey.com\/settop_website\/es\/product\/base-nivelante-automatica-ad-12\/","title":{"rendered":"Base nivelante autom\u00e1tica AD-12"},"content":{"rendered":"<div class=\"video video-fit mb\" style=\"padding-top:56.25%;\"><p><iframe loading=\"lazy\" title=\"Automatisch horizontieren - Automatisch nivellieren - Horizontieren eines Theodoliten\" width=\"1020\" height=\"574\" src=\"https:\/\/www.youtube.com\/embed\/MFKtu2Fs-UU?feature=oembed\" frameborder=\"0\" allow=\"accelerometer; autoplay; clipboard-write; encrypted-media; gyroscope; picture-in-picture; web-share\" referrerpolicy=\"strict-origin-when-cross-origin\" allowfullscreen><\/iframe><\/p>\n<\/div>\n\n\t<section class=\"section\" id=\"section_899313162\">\n\t\t<div class=\"section-bg fill\" >\n\t\t\t\t\t\t\t\t\t\n\t\t\t\n\n\t\t<\/div>\n\n\t\t\n\n\t\t<div class=\"section-content relative\">\n\t\t\t\n<div class=\"container section-title-container\" ><h3 class=\"section-title section-title-normal\"><b aria-hidden=\"true\"><\/b><span class=\"section-title-main\" >Especificaciones base nivelante autom\u00e1tica AD-12<\/span><b aria-hidden=\"true\"><\/b><\/h3><\/div>\n<div class=\"row\"  id=\"row-74561933\">\n\n\t<div id=\"col-640634227\" class=\"col medium-4 small-12 large-4\"  >\n\t\t\t\t<div class=\"col-inner\"  >\n\t\t\t\n\t\t\t\n\t<div class=\"img has-hover x md-x lg-x y md-y lg-y\" id=\"image_1746750369\">\n\t\t\t\t\t\t\t\t<div class=\"img-inner dark\" >\n\t\t\t<img loading=\"lazy\" decoding=\"async\" width=\"425\" height=\"425\" src=\"https:\/\/settopsurvey.com\/settop_website\/wp-content\/uploads\/GEO-Laser-AD-12.png\" class=\"attachment-large size-large\" alt=\"\" srcset=\"https:\/\/settopsurvey.com\/settop_website\/wp-content\/uploads\/GEO-Laser-AD-12.png 425w, https:\/\/settopsurvey.com\/settop_website\/wp-content\/uploads\/GEO-Laser-AD-12-400x400.png 400w, https:\/\/settopsurvey.com\/settop_website\/wp-content\/uploads\/GEO-Laser-AD-12-280x280.png 280w, https:\/\/settopsurvey.com\/settop_website\/wp-content\/uploads\/GEO-Laser-AD-12-300x300.png 300w, https:\/\/settopsurvey.com\/settop_website\/wp-content\/uploads\/GEO-Laser-AD-12-100x100.png 100w\" sizes=\"auto, (max-width: 425px) 100vw, 425px\" \/>\t\t\t\t\t\t\n\t\t\t\t\t<\/div>\n\t\t\t\t\t\t\t\t\n<style>\n#image_1746750369 {\n  width: 100%;\n}\n<\/style>\n\t<\/div>\n\t\n\t<div class=\"img has-hover x md-x lg-x y md-y lg-y\" id=\"image_189920270\">\n\t\t\t\t\t\t\t\t<div class=\"img-inner dark\" >\n\t\t\t<img loading=\"lazy\" decoding=\"async\" width=\"425\" height=\"425\" src=\"https:\/\/settopsurvey.com\/settop_website\/wp-content\/uploads\/base-nivelante-AD-12-2.jpg\" class=\"attachment-large size-large\" alt=\"\" srcset=\"https:\/\/settopsurvey.com\/settop_website\/wp-content\/uploads\/base-nivelante-AD-12-2.jpg 425w, https:\/\/settopsurvey.com\/settop_website\/wp-content\/uploads\/base-nivelante-AD-12-2-400x400.jpg 400w, https:\/\/settopsurvey.com\/settop_website\/wp-content\/uploads\/base-nivelante-AD-12-2-280x280.jpg 280w, https:\/\/settopsurvey.com\/settop_website\/wp-content\/uploads\/base-nivelante-AD-12-2-300x300.jpg 300w, https:\/\/settopsurvey.com\/settop_website\/wp-content\/uploads\/base-nivelante-AD-12-2-100x100.jpg 100w\" sizes=\"auto, (max-width: 425px) 100vw, 425px\" \/>\t\t\t\t\t\t\n\t\t\t\t\t<\/div>\n\t\t\t\t\t\t\t\t\n<style>\n#image_189920270 {\n  width: 100%;\n}\n<\/style>\n\t<\/div>\n\t\n\t\t<\/div>\n\t\t\t\t\t<\/div>\n\n\t\n\n\t<div id=\"col-1388170731\" class=\"col medium-4 small-12 large-4\"  >\n\t\t\t\t<div class=\"col-inner\"  >\n\t\t\t\n\t\t\t\n<p><strong>Montaje<\/strong><br \/>\nLa base nivelante autom\u00e1tica AD-12 se sujeta a un soporte o plataforma con un tornillo de sujeci\u00f3n central de 5\/8\u2033. La orientaci\u00f3n de los ejes horizontales se realiza mediante marcas de muescas. El instrumento, teodolito o estaci\u00f3n total, se coloca centrado positivamente y bloqueado en su posici\u00f3n.<\/p>\n<p><strong>Alimentaci\u00f3n<\/strong><br \/>\nLa alimentaci\u00f3n de la base nivelante autom\u00e1tica AD-12 se realiza a trav\u00e9s de un cable de conexi\u00f3n a una bater\u00eda recargable de 12 V disponible opcionalmente (EB-12) o a una fuente de alimentaci\u00f3n (NE-12\/2A).<\/p>\n<p><strong>Especificaciones<\/strong><\/p>\n<ul>\n<li>Peso: 6,3kg<\/li>\n<li>Tensi\u00f3n de funcionamiento: 11 &#8211; 16 V CC<\/li>\n<li>Consumo: 0,4A<\/li>\n<\/ul>\n<p><strong>Indicador de control<\/strong><br \/>\nLos estados de funcionamiento se indican mediante un LED debajo de la caja de conexi\u00f3n.<\/p>\n<ul>\n<li>luz verde intermitente: nivelaci\u00f3n defectuosa<\/li>\n<li>luz verde fija: en funcionamiento<\/li>\n<li>luz \u00e1mbar fija: fuente de alimentaci\u00f3n inadecuada<\/li>\n<\/ul>\n\t\t<\/div>\n\t\t\t\t\t<\/div>\n\n\t\n\n\t<div id=\"col-1742397398\" class=\"col medium-4 small-12 large-4\"  >\n\t\t\t\t<div class=\"col-inner\"  >\n\t\t\t\n\t\t\t\n<p><strong>Ajuste<\/strong><br \/>\nEl nivel puede ajustarse con los tornillos de ajuste ubicados detr\u00e1s de un tornillo de cubierta en el costado del AD-12.<\/p>\n<p><strong>Mantenimiento<\/strong><br \/>\nEl AD-12 no requiere mantenimiento especial aunque debe protegerse de la suciedad fuerte.<\/p>\n<p><strong>Especificaciones t\u00e9cnicas<\/strong><\/p>\n<ul>\n<li>Rango de nivelaci\u00f3n en 2 ejes: a +\/- 12 gon<\/li>\n<li>Rango de nivelaci\u00f3n en 1 eje: a +\/- 18 gon<\/li>\n<li>Precisi\u00f3n de nivelaci\u00f3n: +\/- 10 mgon<\/li>\n<li>Centrado positivo: sistema<\/li>\n<li>Fuente de alimentaci\u00f3n: 11 &#8211; 16 V CC\/0,4 A<\/li>\n<li>Capacidad de carga: a 10 kg<\/li>\n<li>Peso: 6,3 kg<\/li>\n<li>Garant\u00eda: 24 meses<\/li>\n<\/ul>\n\t\t<\/div>\n\t\t\t\t\t<\/div>\n\n\t\n<\/div>\n\t\t<\/div>\n\n\t\t\n<style>\n#section_899313162 {\n  padding-top: 30px;\n  padding-bottom: 30px;\n  background-color: rgb(243, 243, 247);\n}\n<\/style>\n\t<\/section>\n\t\n<div class=\"row\"  id=\"row-697763767\">\r\n\r\n\n\t<div id=\"col-2102618868\" class=\"col small-12 large-12\"  >\n\t\t\t\t<div class=\"col-inner\"  >\n\t\t\t\n\t\t\t\r\n<h1>AD-12 Downloads<\/h1>\r\n\t\t<\/div>\n\t\t\t\t\n<style>\n#col-2102618868 > .col-inner {\n  margin: 0px 0px -40px 0px;\n}\n<\/style>\n\t<\/div>\n\n\t\r\n\n\t<div id=\"col-1633763073\" class=\"col small-12 large-12\"  >\n\t\t\t\t<div class=\"col-inner\"  >\n\t\t\t\n\t\t\t\r\n<div id=\"taula-descarregues\">\r\n<h3>Product information &amp; Donwloads<\/h3>\r\n<\/div>\r\n\t\t<\/div>\n\t\t\t\t\t<\/div>\n\n\t\r\n\r\n<\/div>\n","protected":false},"excerpt":{"rendered":"<p>La base nivelante autom\u00e1tica AD-12 se utiliza para la nivelaci\u00f3n autom\u00e1tica de instrumentos l\u00e1ser y topogr\u00e1ficos, especialmente estaciones totales. La base nivelante autom\u00e1tica AD-12 se puede utilizar para la nivelaci\u00f3n autom\u00e1tica de instrumentos con pesos de hasta 10 kg. El rango de nivelaci\u00f3n es de +\/- 12 gon y es continuo con una precisi\u00f3n de 10 mgon. Los componentes: servomotores, unidades de ajuste, inclin\u00f3metros y la electr\u00f3nica de medici\u00f3n y control, est\u00e1n integrados en una carcasa resistente al polvo y al agua.<\/p>\n","protected":false},"featured_media":3170,"template":"","meta":[],"product_brand":[],"product_cat":[203,325],"product_tag":[],"class_list":{"0":"post-3176","1":"product","2":"type-product","3":"status-publish","4":"has-post-thumbnail","6":"product_cat-accesorios-de-auscultacion-es","7":"product_cat-sensores-para-auscultacion","9":"first","10":"instock","11":"shipping-taxable","12":"product-type-simple"},"yoast_head":"<!-- This site is optimized with the Yoast SEO plugin v26.7 - https:\/\/yoast.com\/wordpress\/plugins\/seo\/ -->\n<title>Base nivelante autom\u00e1tica AD-12 - Settop<\/title>\n<meta name=\"description\" content=\"La base nivelante autom\u00e1tica AD-12 se utiliza para la nivelaci\u00f3n autom\u00e1tica de instrumentos l\u00e1ser y topogr\u00e1ficos, especialmente estaciones totales. La base nivelante autom\u00e1tica AD-12 se puede utilizar para la nivelaci\u00f3n autom\u00e1tica de instrumentos con pesos de hasta 10 kg. El rango de nivelaci\u00f3n es de +\/- 12 gon y es continuo con una precisi\u00f3n de 10 mgon. Los componentes: servomotores, unidades de ajuste, inclin\u00f3metros y la electr\u00f3nica de medici\u00f3n y control, est\u00e1n integrados en una carcasa resistente al polvo y al agua.\" \/>\n<meta name=\"robots\" content=\"index, follow, max-snippet:-1, max-image-preview:large, max-video-preview:-1\" \/>\n<link rel=\"canonical\" href=\"https:\/\/settopsurvey.com\/settop_website\/es\/product\/base-nivelante-automatica-ad-12\/\" \/>\n<meta property=\"og:locale\" content=\"es_ES\" \/>\n<meta property=\"og:type\" content=\"article\" \/>\n<meta property=\"og:title\" content=\"Base nivelante autom\u00e1tica AD-12 - Settop\" \/>\n<meta property=\"og:description\" content=\"La base nivelante autom\u00e1tica AD-12 se utiliza para la nivelaci\u00f3n autom\u00e1tica de instrumentos l\u00e1ser y topogr\u00e1ficos, especialmente estaciones totales. La base nivelante autom\u00e1tica AD-12 se puede utilizar para la nivelaci\u00f3n autom\u00e1tica de instrumentos con pesos de hasta 10 kg. El rango de nivelaci\u00f3n es de +\/- 12 gon y es continuo con una precisi\u00f3n de 10 mgon. Los componentes: servomotores, unidades de ajuste, inclin\u00f3metros y la electr\u00f3nica de medici\u00f3n y control, est\u00e1n integrados en una carcasa resistente al polvo y al agua.\" \/>\n<meta property=\"og:url\" content=\"https:\/\/settopsurvey.com\/settop_website\/es\/product\/base-nivelante-automatica-ad-12\/\" \/>\n<meta property=\"og:site_name\" content=\"Settop\" \/>\n<meta property=\"article:modified_time\" content=\"2022-04-12T16:37:41+00:00\" \/>\n<meta property=\"og:image\" content=\"https:\/\/settopsurvey.com\/settop_website\/wp-content\/uploads\/GEO-Laser-AD-12.png\" \/>\n\t<meta property=\"og:image:width\" content=\"425\" \/>\n\t<meta property=\"og:image:height\" content=\"425\" \/>\n\t<meta property=\"og:image:type\" content=\"image\/png\" \/>\n<meta name=\"twitter:card\" content=\"summary_large_image\" \/>\n<meta name=\"twitter:label1\" content=\"Tiempo de lectura\" \/>\n\t<meta name=\"twitter:data1\" content=\"2 minutos\" \/>\n<script type=\"application\/ld+json\" class=\"yoast-schema-graph\">{\"@context\":\"https:\/\/schema.org\",\"@graph\":[{\"@type\":\"WebPage\",\"@id\":\"https:\/\/settopsurvey.com\/settop_website\/es\/product\/base-nivelante-automatica-ad-12\/\",\"url\":\"https:\/\/settopsurvey.com\/settop_website\/es\/product\/base-nivelante-automatica-ad-12\/\",\"name\":\"Base nivelante autom\u00e1tica AD-12 - Settop\",\"isPartOf\":{\"@id\":\"https:\/\/settopsurvey.com\/settop_website\/#website\"},\"primaryImageOfPage\":{\"@id\":\"https:\/\/settopsurvey.com\/settop_website\/es\/product\/base-nivelante-automatica-ad-12\/#primaryimage\"},\"image\":{\"@id\":\"https:\/\/settopsurvey.com\/settop_website\/es\/product\/base-nivelante-automatica-ad-12\/#primaryimage\"},\"thumbnailUrl\":\"https:\/\/settopsurvey.com\/settop_website\/wp-content\/uploads\/GEO-Laser-AD-12.png\",\"datePublished\":\"2022-04-12T16:21:25+00:00\",\"dateModified\":\"2022-04-12T16:37:41+00:00\",\"description\":\"La base nivelante autom\u00e1tica AD-12 se utiliza para la nivelaci\u00f3n autom\u00e1tica de instrumentos l\u00e1ser y topogr\u00e1ficos, especialmente estaciones totales. La base nivelante autom\u00e1tica AD-12 se puede utilizar para la nivelaci\u00f3n autom\u00e1tica de instrumentos con pesos de hasta 10 kg. El rango de nivelaci\u00f3n es de +\/- 12 gon y es continuo con una precisi\u00f3n de 10 mgon. Los componentes: servomotores, unidades de ajuste, inclin\u00f3metros y la electr\u00f3nica de medici\u00f3n y control, est\u00e1n integrados en una carcasa resistente al polvo y al agua.\",\"breadcrumb\":{\"@id\":\"https:\/\/settopsurvey.com\/settop_website\/es\/product\/base-nivelante-automatica-ad-12\/#breadcrumb\"},\"inLanguage\":\"es\",\"potentialAction\":[{\"@type\":\"ReadAction\",\"target\":[\"https:\/\/settopsurvey.com\/settop_website\/es\/product\/base-nivelante-automatica-ad-12\/\"]}]},{\"@type\":\"ImageObject\",\"inLanguage\":\"es\",\"@id\":\"https:\/\/settopsurvey.com\/settop_website\/es\/product\/base-nivelante-automatica-ad-12\/#primaryimage\",\"url\":\"https:\/\/settopsurvey.com\/settop_website\/wp-content\/uploads\/GEO-Laser-AD-12.png\",\"contentUrl\":\"https:\/\/settopsurvey.com\/settop_website\/wp-content\/uploads\/GEO-Laser-AD-12.png\",\"width\":425,\"height\":425},{\"@type\":\"BreadcrumbList\",\"@id\":\"https:\/\/settopsurvey.com\/settop_website\/es\/product\/base-nivelante-automatica-ad-12\/#breadcrumb\",\"itemListElement\":[{\"@type\":\"ListItem\",\"position\":1,\"name\":\"Portada\",\"item\":\"https:\/\/settopsurvey.com\/settop_website\/\"},{\"@type\":\"ListItem\",\"position\":2,\"name\":\"Shop\",\"item\":\"https:\/\/settopsurvey.com\/settop_website\/shop\/\"},{\"@type\":\"ListItem\",\"position\":3,\"name\":\"Base nivelante autom\u00e1tica AD-12\"}]},{\"@type\":\"WebSite\",\"@id\":\"https:\/\/settopsurvey.com\/settop_website\/#website\",\"url\":\"https:\/\/settopsurvey.com\/settop_website\/\",\"name\":\"Settop\",\"description\":\"Advanced technology in surveying instruments\",\"potentialAction\":[{\"@type\":\"SearchAction\",\"target\":{\"@type\":\"EntryPoint\",\"urlTemplate\":\"https:\/\/settopsurvey.com\/settop_website\/?s={search_term_string}\"},\"query-input\":{\"@type\":\"PropertyValueSpecification\",\"valueRequired\":true,\"valueName\":\"search_term_string\"}}],\"inLanguage\":\"es\"}]}<\/script>\n<!-- \/ Yoast SEO plugin. -->","yoast_head_json":{"title":"Base nivelante autom\u00e1tica AD-12 - Settop","description":"La base nivelante autom\u00e1tica AD-12 se utiliza para la nivelaci\u00f3n autom\u00e1tica de instrumentos l\u00e1ser y topogr\u00e1ficos, especialmente estaciones totales. La base nivelante autom\u00e1tica AD-12 se puede utilizar para la nivelaci\u00f3n autom\u00e1tica de instrumentos con pesos de hasta 10 kg. El rango de nivelaci\u00f3n es de +\/- 12 gon y es continuo con una precisi\u00f3n de 10 mgon. Los componentes: servomotores, unidades de ajuste, inclin\u00f3metros y la electr\u00f3nica de medici\u00f3n y control, est\u00e1n integrados en una carcasa resistente al polvo y al agua.","robots":{"index":"index","follow":"follow","max-snippet":"max-snippet:-1","max-image-preview":"max-image-preview:large","max-video-preview":"max-video-preview:-1"},"canonical":"https:\/\/settopsurvey.com\/settop_website\/es\/product\/base-nivelante-automatica-ad-12\/","og_locale":"es_ES","og_type":"article","og_title":"Base nivelante autom\u00e1tica AD-12 - Settop","og_description":"La base nivelante autom\u00e1tica AD-12 se utiliza para la nivelaci\u00f3n autom\u00e1tica de instrumentos l\u00e1ser y topogr\u00e1ficos, especialmente estaciones totales. La base nivelante autom\u00e1tica AD-12 se puede utilizar para la nivelaci\u00f3n autom\u00e1tica de instrumentos con pesos de hasta 10 kg. El rango de nivelaci\u00f3n es de +\/- 12 gon y es continuo con una precisi\u00f3n de 10 mgon. Los componentes: servomotores, unidades de ajuste, inclin\u00f3metros y la electr\u00f3nica de medici\u00f3n y control, est\u00e1n integrados en una carcasa resistente al polvo y al agua.","og_url":"https:\/\/settopsurvey.com\/settop_website\/es\/product\/base-nivelante-automatica-ad-12\/","og_site_name":"Settop","article_modified_time":"2022-04-12T16:37:41+00:00","og_image":[{"width":425,"height":425,"url":"https:\/\/settopsurvey.com\/settop_website\/wp-content\/uploads\/GEO-Laser-AD-12.png","type":"image\/png"}],"twitter_card":"summary_large_image","twitter_misc":{"Tiempo de lectura":"2 minutos"},"schema":{"@context":"https:\/\/schema.org","@graph":[{"@type":"WebPage","@id":"https:\/\/settopsurvey.com\/settop_website\/es\/product\/base-nivelante-automatica-ad-12\/","url":"https:\/\/settopsurvey.com\/settop_website\/es\/product\/base-nivelante-automatica-ad-12\/","name":"Base nivelante autom\u00e1tica AD-12 - Settop","isPartOf":{"@id":"https:\/\/settopsurvey.com\/settop_website\/#website"},"primaryImageOfPage":{"@id":"https:\/\/settopsurvey.com\/settop_website\/es\/product\/base-nivelante-automatica-ad-12\/#primaryimage"},"image":{"@id":"https:\/\/settopsurvey.com\/settop_website\/es\/product\/base-nivelante-automatica-ad-12\/#primaryimage"},"thumbnailUrl":"https:\/\/settopsurvey.com\/settop_website\/wp-content\/uploads\/GEO-Laser-AD-12.png","datePublished":"2022-04-12T16:21:25+00:00","dateModified":"2022-04-12T16:37:41+00:00","description":"La base nivelante autom\u00e1tica AD-12 se utiliza para la nivelaci\u00f3n autom\u00e1tica de instrumentos l\u00e1ser y topogr\u00e1ficos, especialmente estaciones totales. La base nivelante autom\u00e1tica AD-12 se puede utilizar para la nivelaci\u00f3n autom\u00e1tica de instrumentos con pesos de hasta 10 kg. El rango de nivelaci\u00f3n es de +\/- 12 gon y es continuo con una precisi\u00f3n de 10 mgon. Los componentes: servomotores, unidades de ajuste, inclin\u00f3metros y la electr\u00f3nica de medici\u00f3n y control, est\u00e1n integrados en una carcasa resistente al polvo y al agua.","breadcrumb":{"@id":"https:\/\/settopsurvey.com\/settop_website\/es\/product\/base-nivelante-automatica-ad-12\/#breadcrumb"},"inLanguage":"es","potentialAction":[{"@type":"ReadAction","target":["https:\/\/settopsurvey.com\/settop_website\/es\/product\/base-nivelante-automatica-ad-12\/"]}]},{"@type":"ImageObject","inLanguage":"es","@id":"https:\/\/settopsurvey.com\/settop_website\/es\/product\/base-nivelante-automatica-ad-12\/#primaryimage","url":"https:\/\/settopsurvey.com\/settop_website\/wp-content\/uploads\/GEO-Laser-AD-12.png","contentUrl":"https:\/\/settopsurvey.com\/settop_website\/wp-content\/uploads\/GEO-Laser-AD-12.png","width":425,"height":425},{"@type":"BreadcrumbList","@id":"https:\/\/settopsurvey.com\/settop_website\/es\/product\/base-nivelante-automatica-ad-12\/#breadcrumb","itemListElement":[{"@type":"ListItem","position":1,"name":"Portada","item":"https:\/\/settopsurvey.com\/settop_website\/"},{"@type":"ListItem","position":2,"name":"Shop","item":"https:\/\/settopsurvey.com\/settop_website\/shop\/"},{"@type":"ListItem","position":3,"name":"Base nivelante autom\u00e1tica AD-12"}]},{"@type":"WebSite","@id":"https:\/\/settopsurvey.com\/settop_website\/#website","url":"https:\/\/settopsurvey.com\/settop_website\/","name":"Settop","description":"Advanced technology in surveying instruments","potentialAction":[{"@type":"SearchAction","target":{"@type":"EntryPoint","urlTemplate":"https:\/\/settopsurvey.com\/settop_website\/?s={search_term_string}"},"query-input":{"@type":"PropertyValueSpecification","valueRequired":true,"valueName":"search_term_string"}}],"inLanguage":"es"}]}},"_links":{"self":[{"href":"https:\/\/settopsurvey.com\/settop_website\/wp-json\/wp\/v2\/product\/3176","targetHints":{"allow":["GET"]}}],"collection":[{"href":"https:\/\/settopsurvey.com\/settop_website\/wp-json\/wp\/v2\/product"}],"about":[{"href":"https:\/\/settopsurvey.com\/settop_website\/wp-json\/wp\/v2\/types\/product"}],"wp:featuredmedia":[{"embeddable":true,"href":"https:\/\/settopsurvey.com\/settop_website\/wp-json\/wp\/v2\/media\/3170"}],"wp:attachment":[{"href":"https:\/\/settopsurvey.com\/settop_website\/wp-json\/wp\/v2\/media?parent=3176"}],"wp:term":[{"taxonomy":"product_brand","embeddable":true,"href":"https:\/\/settopsurvey.com\/settop_website\/wp-json\/wp\/v2\/product_brand?post=3176"},{"taxonomy":"product_cat","embeddable":true,"href":"https:\/\/settopsurvey.com\/settop_website\/wp-json\/wp\/v2\/product_cat?post=3176"},{"taxonomy":"product_tag","embeddable":true,"href":"https:\/\/settopsurvey.com\/settop_website\/wp-json\/wp\/v2\/product_tag?post=3176"}],"curies":[{"name":"wp","href":"https:\/\/api.w.org\/{rel}","templated":true}]}}